n base 9, what is 4 - 11583?
-11578
In base 16, what is 7725 - -4?
7729
In base 10, what is 2 + 4138?
4140
In base 9, what is 1036 - 104?
832
In base 14, what is 6c37 - 3?
6c34
In base 9, what is -1336 - -286?
-1040
In base 15, what is -683bc - -3?
-683b9
In base 3, what is -12 + -101111?
-101200
In base 7, what is 20643 - -531?
21504
In base 5, what is 412 - -2344?
3311
In base 6, what is 24 - -1153040?
1153104
In base 4, what is 301 + 2131121?
2132022
In base 3, what is -101112 + -111?
-102000
In base 4, what is -11031120 - 11?
-11031131
In base 2, what is -1010010010 - 10101?
-1010100111
In base 12, what is -5 - 3108?
-3111
In base 5, what is -121021 - -324?
-120142
In base 9, what is 21207 - -10?
21217
In base 2, what is -10011010100110 - -10101?
-10011010010001
In base 15, what is 1463 - -38?
149b
In base 6, what is -5045350 + 2?
-5045344
In base 13, what is -2456bc - 7?
-2456c6
In base 10, what is 1 + 7471?
7472
In base 9, what is -3 - -4786?
4783
In base 4, what is -101 - 210223?
-210330
In base 6, what is -4 + 555204?
555200
In base 2, what is 11010011011110000 - -10?
11010011011110010
In base 8, what is 16713244 + 5?
16713251
In base 3, what is 102 - 10020221?
-10020112
In base 8, what is -5 + -257075?
-257102
In base 2, what is 1110 - -11011111000?
11100000110
In base 11, what is -4 - 1a599?
-1a5a2
In base 8, what is 433 + -141?
272
In base 14, what is -9 + 69b6?
69ab
In base 4, what is 3121 - 2010221?
-2001100
In base 10, what is 11677 + 0?
11677
In base 5, what is -24123402 - 122?
-24124024
In base 9, what is 263 + -12133?
-11760
In base 6, what is 15 - -13502?
13521
In base 12, what is -a82 + -789?
-164b
In base 11, what is 30a2 + -21?
3081
In base 15, what is -ada02 - 0?
-ada02
In base 3, what is -1121202 + 1221111?
22202
In base 12, what is -10 + -130?
-140
In base 11, what is 52626 + 24?
5264a
In base 8, what is 172310 + 5?
172315
In base 12, what is -b - -10a47?
10a38
In base 6, what is -12401 + 3025?
-5332
In base 11, what is 2 - -842270?
842272
In base 16, what is -12 + -bca?
-bdc
In base 8, what is -121205 + 12?
-121173
In base 11, what is -55 + 425?
380
In base 6, what is 35 + -42500?
-42421
In base 12, what is -11012 + -105?
-11117
In base 12, what is 3 - 7641?
-763a
In base 12, what is 56 + 5a9b?
5b35
In base 11, what is 201861 - 3?
201859
In base 10, what is -3 - -20554?
20551
In base 8, what is -5 + 20576?
20571
In base 14, what is 806b - -16?
8083
In base 11, what is 235 - 192?
53
In base 9, what is -101 - -6287?
6186
In base 12, what is 94 + 436?
50a
In base 9, what is 10210 - 21?
10178
In base 11, what is 1 - -36467?
36468
In base 2, what is -11010001111 + -101010?
-11010111001
In base 15, what is -6b84 - -2?
-6b82
In base 9, what is -420 - 6?
-426
In base 6, what is -22 - -214001?
213535
In base 7, what is -2 + -111515?
-111520
In base 11, what is 266 + -4?
262
In base 8, what is -120247 + 0?
-120247
In base 2, what is -11011001000 - -101011101001?
10000100001
In base 3, what is -101220011 + 21?
-101212220
In base 5, what is 1 + -1001220?
-1001214
In base 9, what is -1 - -44628?
44627
In base 6, what is 4001 + 113?
4114
In base 16, what is -3 - 5b731?
-5b734
In base 6, what is -103421413 + 1?
-103421412
In base 6, what is -150 + 544?
354
In base 15, what is -7b7 + 0?
-7b7
In base 2, what is 11111011111 + -1111000?
11101100111
In base 13, what is -bb9 + a?
-bac
In base 6, what is -324455 + -23?
-324522
In base 11, what is 139 - -1092?
1220
In base 14, what is -107a35 + d?
-107a26
In base 8, what is 10704 - 6?
10676
In base 5, what is -40410 - 4?
-40414
In base 2, what is -1110100011101000011 + -100?
-1110100011101000111
In base 11, what is -51495 - 0?
-51495
In base 9, what is 28410 - 0?
28410
In base 5, what is -3404110 - 3?
-3404113
In base 16, what is -718e - 3?
-7191
In base 13, what is -2 + 41671?
4166c
In base 8, what is -1213 + -573?
-2006
In base 14, what is -3 - bc75?
-bc78
In base 2, what is 1011 + -10001001101011?
-10001001100000
In base 7, what is 2 - -162542?
162544
In base 12, what is -5 + -2702?
-2707
In base 6, what is 3020 + 415?
3435
In base 2, what is 100 + -100001100010010101?
-100001100010010001
In base 3, what is 0 + -1112220?
-1112220
In base 7, what is -410 - 325?
-1035
In base 7, what is 4343 + -1?
4342
In base 11, what is 6 + -1aa9?
-1aa3
In base 16, what is 2a304 + e?
2a312
In base 5, what is 1023401 - 10?
1023341
In base 16, what is -5 - 4114?
-4119
In base 10, what is 3 + 31534?
31537
In base 8, what is -216 - -11021?
10603
In base 7, what is 1362 + -342?
1020
In base 5, what is 1441340 + -10?
1441330
In base 3, what is 2222122110100 - -12?
2222122110112
In base 9, what is -1027301 + -2?
-1027303
In base 7, what is -22455455 - 4?
-22455462
In base 15, what is -2 + -a87?
-a89
In base 9, what is -2763 - -1246?
-1516
In base 3, what is 2 + -1021021112110?
-1021021112101
In base 2, what is -1111001100010 + 100101111?
-1110100110011
In base 13, what is 48748 + -15?
48733
In base 13, what is -24 - 2b6b?
-2b92
In base 3, what is 12 + -212112100?
-212112011
In base 4, what is 13321 + -2110?
11211
In base 2, what is 1011100010010101 - 10011?
1011100010000010
In base 4, what is -1030 + -1130?
-2220
In base 9, what is 14 - -1212?
1226
In base 10, what is -19397 + -4?
-19401
In base 6, what is 414054 + 10?
414104
In base 9, what is -63 - 11715?
-11778
In base 9, what is 2226023 - 1?
2226022
In base 11, what is 13a + 26311?
26450
In base 3, what is 10 + 12012221011?
12012221021
In base 3, what is -1220022210 - -110?
-1220022100
In base 16, what is -1a08 - -11?
-19f7
In base 15, what is -1ce2 + -53d?
-2330
In base 10, what is 25 - -57868?
57893
In base 14, what is -b - 75?
-82
In base 4, what is 113212 - -11131?
131003
In base 13, what is -3 + 6235?
6232
In base 13, what is -4 - a917a?
-a9181
In base 6, what is -1005 - -1045?
40
In base 5, what is 120 - 3223?
-3103
In base 10, what is 5 - 26935?
-26930
In base 5, what is 1222 - -422?
2144
In base 10, what is -90 - 2?
-92
In base 14, what is -4128 + -37?
-4161
In base 3, what is -21210201211 - 1?
-21210201212
In base 9, what is 127 + 6178?
6316
In base 12, what is 0 + 8299?
8299
In base 16, what is cc0 - -16?
cd6
In base 15, what is 88a - -e?
899
In base 10, what is -28 + -7005?
-7033
In base 9, what is -454 + -183?
-647
In base 8, what is -101 - -124?
23
In base 3, what is -12012102 - -220?
-12011112
In base 10, what is -1410 - -76?
-1334
In base 16, what is 6961 + 16b?
6acc
In base 7, what is 11 - 1415?
-1404
In base 10, what is 36654 + 5?
36659
In base 14, what is -13 - 13a5?
-13b8
In base 10, what is -33 + -393?
-426
In base 11, what is -2634 + -57?
-2690
In base 7, what is 1316364 + -5?
1316356
In base 3, what is 122122102021 - -10?
122122102101
In base 3, what is 0 + 2102022012?
2102022012
In base 14, what is 12 - -15a0a?
15a1c
In base 2, what is -100110001010 - -110100001?
-11111101001
In base 16, what is -3cbb - -76?
-3c45
In base 12, what is -b9 - -5b2?
4b5
In base 8, what is -5 - -72220?
72213
In base 9, what is -33016 + -6?
-33023
In base 8, what is -62434 + 0?
-62434
In base 8, what is -4033 - 7?
-4042
In base 10, what is 197 + -1412?
-1215
In base 12, what is 4255 + 14?
4269
In base 12, what is 0 + 128013?
128013
In base 2, what is -1010111100 - 100001?
-1011011101
In base 4, what is -13 + -320232102?
-320232121
In base 9, what is -58602 - -2?
-58600
In base 16, what is -48cd + -11?
-48de
In base 7, what is -661 - -562?
-66
In base 14, what is -5 + -9337?
-933c
In base 12, what is 7 + -31a6?
-319b
In base 7, what is -3 + -1021456?
-1021462
In base 14, what is 64 + 3b4?
438
In base 4, what is -102022121 - -3?
-102022112
In base 9, what is -3063 - -13?
-3050
In base 7, what is -3 - 1025445?
-1025451
In base 13, what is -120a + 44?
-1196
In base 5, what is 4 + -214031001?
-214030442
In base 2, what is -100011101101111 + 101?
-100011101101010
In base 8, what is 662150 - 2?
662146
In base 12, what is 1321 + -1a?
1303
In base 3, what is -101 + 100012111?
100012010
In base 15, what is -75 - 1b15?
-1b8a
In base 4, what is -30320 + -212121?
-303101
In base 3, what is -111102201 - -22?
-111102102
In base 13, what is -4 - 153471?
-153475
In base 4, what is -1210 - -11020211?
11013001
In base 14, what is -d8c72 + -4?
-d8c76
In base 3, what is 101